49073
What are the prime factors of 180642?
2, 3, 7, 11, 17, 23
List the prime factors of 237312.
2, 3, 103
List the prime factors of 26731636.
2, 6682909
What are the prime factors of 69058?
2, 11, 43, 73
What are the prime factors of 1643333?
151, 10883
What are the prime factors of 29991825?
3, 5, 17, 7841
What are the prime factors of 1594268?
2, 13, 23, 31, 43
What are the prime factors of 103637?
37, 2801
What are the prime factors of 1773954?
2, 3, 7, 13, 19
What are the prime factors of 7597499?
7, 13, 11927
List the prime factors of 163475.
5, 13, 503
List the prime factors of 2200338.
2, 3, 7, 5821
List the prime factors of 2058455.
5, 7, 103, 571
What are the prime factors of 91234?
2, 11, 13, 29
What are the prime factors of 765492?
2, 3, 7, 13, 701
List the prime factors of 17683847.
2111, 8377
List the prime factors of 36223.
11, 37, 89
What are the prime factors of 673906?
2, 223, 1511
What are the prime factors of 11020946?
2, 97, 56809
List the prime factors of 591143.
7, 84449
What are the prime factors of 1008212?
2, 269, 937
What are the prime factors of 171247?
19, 9013
What are the prime factors of 2060443?
7, 11, 26759
What are the prime factors of 189460?
2, 5, 9473
What are the prime factors of 25416?
2, 3, 353
List the prime factors of 2059752.
2, 3, 19, 4517
What are the prime factors of 8607009?
3, 43, 66721
What are the prime factors of 736809?
3, 449, 547
What are the prime factors of 314375?
5, 503
What are the prime factors of 24146395?
5, 7, 13, 53069
List the prime factors of 16205920.
2, 5, 101287
List the prime factors of 57314.
2, 28657
List the prime factors of 322154.
2, 7, 23011
List the prime factors of 3298454.
2, 59, 27953
List the prime factors of 14268876.
2, 3, 61, 101, 193
List the prime factors of 339728.
2, 17, 1249
What are the prime factors of 814201?
197, 4133
List the prime factors of 706909.
7, 100987
List the prime factors of 6229889.
6229889
List the prime factors of 5491293.
3, 1830431
List the prime factors of 1082869.
43, 25183
List the prime factors of 25169115.
3, 5, 1677941
List the prime factors of 415584.
2, 3, 13, 37
List the prime factors of 496576.
2, 7759
What are the prime factors of 1446215?
5, 289243
What are the prime factors of 573448?
2, 43, 1667
What are the prime factors of 732583?
19, 38557
What are the prime factors of 219345?
3, 5, 7, 2089
What are the prime factors of 529358?
2, 61, 4339
List the prime factors of 1140265.
5, 7, 32579
List the prime factors of 11561639.
11561639
What are the prime factors of 767465?
5, 17, 9029
List the prime factors of 15293046.
2, 3, 601, 4241
List the prime factors of 216587.
7, 30941
What are the prime factors of 1135328?
2, 17, 2087
List the prime factors of 17579512.
2, 359, 6121
List the prime factors of 1422464.
2, 11113
What are the prime factors of 1108229?
1108229
What are the prime factors of 20547807?
3, 7, 113, 1237
What are the prime factors of 225666?
2, 3, 7, 199
What are the prime factors of 2576499?
3, 858833
List the prime factors of 340619.
340619
What are the prime factors of 17813954?
2, 43, 207139
List the prime factors of 15687097.
59, 265883
List the prime factors of 17036653.
1069, 15937
List the prime factors of 335886.
2, 3, 17, 37, 89
List the prime factors of 1113483.
3, 7, 17, 3119
What are the prime factors of 13766430?
2, 3, 5, 17, 26993
What are the prime factors of 572972?
2, 143243
What are the prime factors of 26710?
2, 5, 2671
List the prime factors of 179906.
2, 23, 3911
What are the prime factors of 6159081?
3, 101, 20327
What are the prime factors of 1122664?
2, 140333
List the prime factors of 542931.
3, 137, 1321
What are the prime factors of 245042?
2, 7, 23, 761
List the prime factors of 2374639.
19, 124981
What are the prime factors of 3569915?
5, 17, 41999
What are the prime factors of 50757?
3, 7, 2417
List the prime factors of 6519848.
2, 53, 15377
What are the prime factors of 1109534?
2, 554767
What are the prime factors of 5941940?
2, 5, 297097
List the prime factors of 1746237.
3, 83, 7013
List the prime factors of 929433.
3, 309811
List the prime factors of 164716.
2, 41179
What are the prime factors of 3042759?
3, 107, 9479
List the prime factors of 48792.
2, 3, 19, 107
List the prime factors of 12128533.
31, 239, 1637
What are the prime factors of 6681434?
2, 181, 18457
List the prime factors of 6022769.
6022769
What are the prime factors of 18941517?
3, 7, 47, 6397
List the prime factors of 4860417.
3, 127, 12757
What are the prime factors of 715083?
3, 238361
List the prime factors of 8077990.
2, 5, 109, 7411
List the prime factors of 1339887.
3, 29, 15401
List the prime factors of 6472427.
13, 17, 29287
What are the prime factors of 534803?
17, 163, 193
List the prime factors of 500773.
7, 13, 5503
List the prime factors of 313502.
2, 7, 457
List the prime factors of 15777929.
15777929
What are the prime factors of 185104?
2, 23, 503
What are the prime factors of 14932804?
2, 653, 5717
What are the prime factors of 707747?
707747
What are the prime factors of 1171933?
7, 23917
List the prime factors of 1623668.
2, 405917
What are the prime factors of 1637840?
2, 5, 59, 347
List the prime factors of 27771427.
27771427
What are the prime factors of 856785?
3, 5, 57119
What are the prime factors of 192284?
2, 53, 907
What are the prime factors of 7659483?
3, 13, 23, 8539
List the prime factors of 1319572.
2, 47, 7019
What are the prime factors of 33590185?
5, 499, 13463
List the prime factors of 393644.
2, 98411
List the prime factors of 8907645.
3, 5, 79, 7517
List the prime factors of 7017152.
2, 83, 1321
List the prime factors of 371472.
2, 3, 71, 109
What are the prime factors of 368851?
7, 23, 29, 79
What are the prime factors of 13890685?
5, 919, 3023
What are the prime factors of 13462198?
2, 17, 23291
What are the prime factors of 959297?
79, 12143
List the prime factors of 1420057.
1420057
List the prime factors of 4264966.
2, 2132483
What are the prime factors of 11645682?
2, 3, 23, 84389
What are the prime factors of 724758?
2, 3, 199, 607
What are the prime factors of 8194414?
2, 29, 141283
What are the prime factors of 397320?
2, 3, 5, 7, 11, 43
What are the prime factors of 1602231?
3, 534077
List the prime factors of 144485.
5, 11, 37, 71
What are the prime factors of 2204239?
293, 7523
What are the prime factors of 1110335?
5, 222067
What are the prime factors of 53792?
2, 41
What are the prime factors of 142098?
2, 3, 11, 2153
List the prime factors of 5033897.
11, 421, 1087
List the prime factors of 538124.
2, 29, 4639
List the prime factors of 787277.
787277
What are the prime factors of 1036143?
3, 115127
What are the prime factors of 672649?
43, 15643
List the prime factors of 4526776.
2, 379, 1493
What are the prime factors of 7547433?
3, 151, 16661
What are the prime factors of 277334?
2, 23, 6029
List the prime factors of 148430.
2, 5, 14843
List the prime factors of 1359796.
2, 17, 19997
List the prime factors of 6625389.
3, 2208463
List the prime factors of 54655.
5, 17, 643
What are the prime factors of 12020728?
2, 1502591
List the prime factors of 81108.
2, 3, 751
List the prime factors of 21098.
2, 7, 11, 137
List the prime factors of 119511.
3, 7, 271
What are the prime factors of 10033408?
2, 7, 11, 509
What are the prime factors of 1488035?
5, 297607
What are the prime factors of 5866697?
1063, 5519
What are the prime factors of 300537?
3, 11131
List the prime factors of 6676575.
3, 5, 89021
List the prime factors of 3458310.
2, 3, 5, 17, 6781
List the prime factors of 11757783.
3, 3919261
What are the prime factors of 269161?
17, 71, 223
What are the prime factors of 1308817?
73, 17929
What are the prime factors of 3566086?
2, 1783043
What are the prime factors of 137490?
2, 3, 5, 4583
List the prime factors of 4207641.
3, 1402547
List the prime factors of 18159141.
3, 7, 11, 13, 6047
What are the prime factors of 81767?
7, 11681
List the prime factors of 141018.
2, 3, 19, 1237
List the prime factors of 567834.
2, 3, 17, 19, 293
List the prime factors of 154713.
3, 13, 3967
List the prime factors of 6664156.
2, 1666039
What are the prime factors of 2132256?
2, 3, 7, 19, 167
What are the prime factors of 1140296?
2, 142537
What are the pri